
Suppose -1990 = 6*k - 11*k. What is the hundreds digit of k?
3
What is the tens digit of ((4 - -1) + -1)/((-2)/(-242))?
8
Suppose 2*i + 25 = 3*s + 88, -51 = -2*i - s. Let l = i - 13. Suppose -r - r = -l. What is the units digit of r?
7
Suppose -2*m + 4*o = -5108 + 840, 2*o = -2. What is the tens digit of m?
3
Let p(w) = -5*w - 15. Suppose 0 = -2*c + 2 + 8. Suppose -45 = 5*j + c. What is the units digit of p(j)?
5
Let o = 11 - 8. Suppose 0 = o*k - 13 - 2. Suppose -4*t - 4*a + 84 = -7*a, 3*a - 105 = -k*t. What is the tens digit of t?
2
Suppose -2*v + 652 = 43*a - 42*a, 8 = -4*v. What is the tens digit of a?
5
Let u(s) = 162*s - 10. Let l be u(-7). What is the units digit of (l/66)/((-2)/3)?
6
Let k(m) = 24*m + 16. Let r(i) = -23*i - 15. Let x(j) = 4*k(j) + 5*r(j). Let l be x(-5). Suppose 4*d + 4 = l. What is the tens digit of d?
2
Let i(n) = 8*n**2 - 27*n - 13. Let y(o) = -3*o**2 + 9*o + 4. Let v(h) = -4*i(h) - 11*y(h). Suppose -3*r + 10 = 43. What is the tens digit of v(r)?
3
Suppose 15*s + 1520 = 35*s. What is the tens digit of s?
7
Let c(z) = -z**3 - 8*z**2 - 3*z - 11. Let n be c(-8). What is the units digit of 4/(-24)*-33*(-1 + n)?
6
Suppose -4*o = -8*o - 5*d + 726, -182 = -o - d. Suppose 4*p + 3*u - 427 = 369, 3*u = p - o. What is the hundreds digit of p?
1
Let v be -1*(8/6)/((-2)/1017). Suppose 4*h - h = v. What is the units digit of h?
6
Suppose -5*i - 3*v - 29 = 0, -4*i + v = -i + 9. What is the tens digit of (-31)/(i/(-16)*-2) + 2?
6
Suppose 24*v = 29*v - 290. What is the tens digit of v?
5
Let m(c) be the third derivative of c**5/10 - 13*c**4/24 - 7*c**3/6 + 9*c**2. What is the units digit of m(8)?
3
Suppose -46*j + 81443 = -23*j. What is the thousands digit of j?
3
Let o(t) be the third derivative of t**7/1008 + t**6/240 - t**5/6 - 9*t**2. Let u(k) be the third derivative of o(k). What is the tens digit of u(7)?
3
Suppose -2*t = -t - 60. Suppose -4*d + t = d. What is the units digit of ((-36)/5)/(d/(-40))?
4
Let z(x) = 41*x + 701. What is the units digit of z(11)?
2
Suppose -5*b - 109 = -1954. What is the tens digit of b?
6
Suppose 0*t = 3*t - 18. What is the units digit of ((-2)/t)/((-9)/1593)?
9
Suppose -23 + 21 = -f. Let h be (1 - 2)*(f - 3). What is the units digit of 4 - (h - -4) - -59?
8
Let o = -5 - -5. Suppose 4*d + 5*h - 145 = o, -5*h + 1 = -4. What is the units digit of d?
5
Let a be -3 - (-47 + -1 + -2). Let m = a - 26. Suppose 2*j - j = m. What is the tens digit of j?
2
Let w = 258 - 250. What is the units digit of w?
8
Let h(i) = i**3 - 15*i**2 + 13*i + 14. Let w be h(14). Suppose -4*p + 235 = -w*p + 5*x, p + x - 59 = 0. Suppose 6*k - 8*k = -p. What is the units digit of k?
0
Let f(q) = -q**3 - q**2 + q - 10. Let i be f(-3). Suppose -3*k = -o + 12 + 6, -5*o - i*k = -90. What is the units digit of o?
8
Suppose 3*c - i = 550, -3*i = -c - 4*c + 918. Suppose -c = -4*y - 35. What is the tens digit of y?
3
Let j(u) = -2*u**2 - 17*u - 6. Let f be j(-8). What is the units digit of f/9 + 17641/117?
1
What is the units digit of (412/5 - 2)/(2/10)?
2
Let i be (-21136)/5 - (6 + 186/(-30)). What is the units digit of 14/(-49) + i/(-21)?
1
Let t(c) = 24*c - 143. What is the tens digit of t(27)?
0
Let j = -14 - 5. What is the units digit of (64/1)/((-19)/j)?
4
What is the hundreds digit of (-17)/(-136) + (-21991)/(-8)?
7
Suppose 0 = 20*m - 5257 - 28943. What is the tens digit of m?
1
Let m(o) = -o**3 - 12*o**2 + 2. Let j be m(-12). What is the hundreds digit of j - 628/(-4) - -4?
1
Suppose -5*o = -2*o - 105. Suppose 0 = p + 4*w - 8, -o = 5*p - 5*w. What is the units digit of 42/9*(-6)/p?
7
Let x = -463 - 75. Let m = x - -791. What is the hundreds digit of m?
2
Let l be ((-21)/35)/(1/(-5)). Suppose l = 2*g - 5*g. What is the tens digit of (g - -3) + (21 - 7)?
1
Let w(m) = 2*m**3 - 2*m**2 - 18*m + 93. What is the units digit of w(9)?
7
Suppose -8*q - 5841 = -13*q + 2*o, -o + 2 = 0. What is the units digit of q?
9
Suppose -3*y - 4*x - 12 = -46, -y = 4*x + 2. Suppose -u + 10 = 3*m - y, 5*m + 3*u = 52. What is the tens digit of (-120)/(-1)*4/m?
6
Suppose -25*z = -32*z + 1386. Let g(b) = -b - 1. Let j be g(-6). Suppose -j*x = -z + 8. What is the units digit of x?
8
What is the tens digit of 9/(-30) - 320688/(-160)?
0
Suppose -442 = -5*u - o + 1721, 3*u - 1311 = -5*o. What is the tens digit of u?
3
What is the hundreds digit of 1456 + 310 - (-1 - -2*4)?
7
Let d(b) = 250*b**2 + 2*b + 5. What is the units digit of d(-2)?
1
Suppose -2017 = -7*p + 2547. What is the units digit of p?
2
Suppose 88*f = 69*f + 25498. What is the thousands digit of f?
1
Let u(q) = -2*q + 35. Suppose -o - 1 + 7 = 0. What is the tens digit of u(o)?
2
Let u = -7 + 32. Let n be 9 - 1*(-1 + 2). Let a = u - n. What is the tens digit of a?
1
Let d(k) = -k**3 + k**2 - 2*k + 102. Let x(c) = 3*c**3 - 2*c**2 + 5*c - 204. Let s(i) = 5*d(i) + 2*x(i). What is the units digit of s(0)?
2
Let g be ((-6)/4)/((-36)/(-132))*-40. Suppose 5*q = -3*p - g + 804, -392 = -2*p - 4*q. What is the tens digit of p?
8
Let x(d) = d**3 - 2*d**2 - 17*d + 62. What is the tens digit of x(9)?
7
Suppose 588 = -448*q + 450*q. What is the tens digit of q?
9
Let u be 9 + (4 - 0) + -9. Suppose 0*z + 206 = 3*f + 4*z, 292 = u*f + z. What is the units digit of f?
4
Let j(x) = -6*x + 52. Let b be j(7). Suppose 5*o = b*o - 1395. What is the units digit of o?
9
Let j = 26 - -1. Let c = 72 - j. What is the tens digit of c?
4
Suppose y + 4*j = -37, -3*y + 3*j - 127 = 7*j. Let u = -20 - y. What is the tens digit of u?
2
Suppose -2*v - 4*h = -0*h - 20, -2*v + 29 = -5*h. Let d(t) = 0*t - 2*t - 8 - v - t. What is the units digit of d(-7)?
1
Suppose 0 = 3*b - 6*b + 30. Let f(u) be the second derivative of -u**4/12 + 5*u**3/3 + 2*u**2 + u. What is the units digit of f(b)?
4
Let d(f) = 18*f**2 + 2*f. Let x be d(1). Suppose -16 = -h - 4*g, -5*g + 0 = -x. Let n = h - -66. What is the units digit of n?
6
Suppose 3196 - 19290 = -26*a. What is the hundreds digit of a?
6
Let t(h) = h**3 + h**2 + 58. Let b(n) = n**3 - 11*n**2 - 14*n + 24. Let g be b(12). What is the tens digit of t(g)?
5
Suppose -220 = g - 3*g. Suppose 2*y - 3*p = 2*p + 16, 0 = -5*y - 5*p + g. Suppose 3*x - y = 9. What is the units digit of x?
9
What is the units digit of (44/6)/((-38)/(-10602))?
6
Let p be 3/18 + (-14)/12. Let a(l) = 80*l**2 + l - 2. What is the units digit of a(p)?
7
Suppose 40*d + 4077 - 54357 = 0. What is the tens digit of d?
5
Suppose 43*r = 6*r + 11914. What is the hundreds digit of r?
3
Suppose 2*m + 3*t = 1185, 2*m + 8*t - 1187 = 3*t. What is the hundreds digit of m?
5
Let m(a) = a**2 + 16*a + 11. Suppose 3*p + 28 = -20. What is the units digit of m(p)?
1
Let x = -38 - -180. What is the tens digit of x?
4
Let k be (-1)/1 + 1/1. Suppose 2*d + 0*d = k. Suppose 4*p = -d*p + 36. What is the units digit of p?
9
Let u(d) = 2*d**2 + 11*d + 18. Let o be u(-9). Let y = 135 - o. What is the tens digit of y?
5
Suppose 3*l = -0*l + 135. Let y be (l/(-10))/(1/(-2)). Let o = y + 2. What is the tens digit of o?
1
Suppose -6*x = -9*x + 591. Suppose 3*p - 109 = x. What is the units digit of p?
2
Suppose j + 5*j = 60. Suppose r = 6*r - j. Suppose 0 = r*p + 3*p - 75. What is the tens digit of p?
1
Let w(n) = n**2 - 8*n - 21. Let q be w(-7). Suppose -21 + q = 3*y. What is the units digit of y?
1
Suppose 4*s + w = 328, -3*w = -s + 89 + 6. What is the tens digit of s?
8
Suppose 3*t + 3*r + 4 = -2*t, -4*t - 3*r - 5 = 0. Let n = 38 + t. What is the tens digit of n?
3
Let i(b) = -46*b + 2. Let c be i(1). Let l be 4/7 + c/77. What is the tens digit of l - 4/((-4)/37)?
3
Let i = -85 + 79. Let g(m) = 5*m**2 - m - 21. What is the tens digit of g(i)?
6
Let q(p) = -p**3 + 14*p**2 - 26*p - 6. Let t be q(13). Let c = -104 - t. What is the units digit of c?
1
Let g(k) = -k**2 - 57*k - 5. What is the units digit of g(-24)?
7
Let t = 14 - 9. Suppose 0 = -t*q - 0*q - 10. What is the units digit of (-4)/8 + (-23)/q?
1
Suppose 1 = -8*g + 7*g. Let y(o) = 35*o**2 + o + 1. Let b be y(g). What is the tens digit of 1/2 + b/2?
1
Suppose 3*g = -2*s + 23, 2*s + 12 = 6*g - 2*g. Let y = 13 + -10. What is the units digit of g/(5/y) + 12?
5
Let x = 5692 + -126. What is the hundreds digit of x?
5
What is the tens digit of (-5 - -2)*(0 + (-395)/3)?
9
Suppose 6*k = -595 + 1945. What is t